{"id":68,"date":"2018-11-22T18:54:02","date_gmt":"2018-11-22T18:54:02","guid":{"rendered":"http:\/\/localhost:8080\/sanjusto\/?page_id=68"},"modified":"2025-05-30T14:09:02","modified_gmt":"2025-05-30T14:09:02","slug":"horarios-de-misa","status":"publish","type":"page","link":"http:\/\/www.diocesisdesanjusto.org\/index.php\/horarios-de-misa\/","title":{"rendered":"Organizaci\u00f3n de la Curia Diocesana"},"content":{"rendered":"<p><strong>Obispo: S.E.R<\/strong><strong>.<\/strong>\u00a0<strong>Monse\u00f1or Eduardo Horacio Garc\u00eda<\/strong><\/p>\n<p><strong><u>\u00a0CURIA DIOCESANA<\/u><\/strong><\/p>\n<p><strong>\u00a0Vicario General:<\/strong> Presb\u00edtero Santiago Rostom Maderna<\/p>\n<p><strong>\u00a0Vicario General:<\/strong> Presb\u00edtero Juan Antonio Morre<\/p>\n<p><strong>\u00a0Vicario General:<\/strong> RP. Daniel Eduardo Echeverr\u00eda m.ss.cc.<\/p>\n<p><strong>\u00a0<\/strong><strong>Canciller y Secretaria General:<\/strong>\u00a0Srta. Norma Susana Foresti<\/p>\n<p><strong>Personal Administrativo:<\/strong><\/p>\n<p>Se\u00f1or Daniel Vega<\/p>\n<p>Srta. Daniela Soledad San Mart\u00edn<\/p>\n<p><strong>Asesor Legal: Civil y Can\u00f3nico: <\/strong>Dr. Jorge Di Nicco<\/p>\n<p><strong>Oficina t\u00e9cnico administrativa de Inmuebles y exenciones: <\/strong>Srta. Marta In\u00e9s Finochietto<\/p>\n<p><strong><u>HORARIO DE ATENCI\u00d3N &gt; Lunes a viernes de 9.30hs a 12.30 horas<\/u><\/strong><\/p>\n","protected":false},"excerpt":{"rendered":"<p>Obispo: S.E.R.\u00a0Monse\u00f1or Eduardo Horacio Garc\u00eda \u00a0CURIA DIOCESANA \u00a0Vicario General: Presb\u00edtero Santiago Rostom Maderna \u00a0Vicario General: Presb\u00edtero Juan Antonio Morre \u00a0Vicario General: RP. Daniel Eduardo Echeverr\u00eda m.ss.cc. \u00a0Canciller y Secretaria General:\u00a0Srta. Norma Susana Foresti Personal Administrativo: Se\u00f1or Daniel Vega Srta. Daniela Soledad San Mart\u00edn Asesor Legal: Civil y Can\u00f3nico: Dr. Jorge Di Nicco Oficina t\u00e9cnico administrativa [&hellip;]<\/p>\n","protected":false},"author":1,"featured_media":0,"parent":0,"menu_order":0,"comment_status":"closed","ping_status":"closed","template":"","meta":[],"_links":{"self":[{"href":"http:\/\/www.diocesisdesanjusto.org\/index.php\/wp-json\/wp\/v2\/pages\/68"}],"collection":[{"href":"http:\/\/www.diocesisdesanjusto.org\/index.php\/wp-json\/wp\/v2\/pages"}],"about":[{"href":"http:\/\/www.diocesisdesanjusto.org\/index.php\/wp-json\/wp\/v2\/types\/page"}],"author":[{"embeddable":true,"href":"http:\/\/www.diocesisdesanjusto.org\/index.php\/wp-json\/wp\/v2\/users\/1"}],"replies":[{"embeddable":true,"href":"http:\/\/www.diocesisdesanjusto.org\/index.php\/wp-json\/wp\/v2\/comments?post=68"}],"version-history":[{"count":14,"href":"http:\/\/www.diocesisdesanjusto.org\/index.php\/wp-json\/wp\/v2\/pages\/68\/revisions"}],"predecessor-version":[{"id":2489,"href":"http:\/\/www.diocesisdesanjusto.org\/index.php\/wp-json\/wp\/v2\/pages\/68\/revisions\/2489"}],"wp:attachment":[{"href":"http:\/\/www.diocesisdesanjusto.org\/index.php\/wp-json\/wp\/v2\/media?parent=68"}],"curies":[{"name":"wp","href":"https:\/\/api.w.org\/{rel}","templated":true}]}}

Organización de la Curia Diocesana

<p><strong>Obispo: S.E.R</strong><strong>.</strong> <strong>Monseñor Eduardo Horacio García</strong></p>
<p><strong><u> CURIA DIOCESANA</u></strong></p>
<p><strong> Vicario General:</strong> Presbítero Santiago Rostom Maderna</p>
<p><strong> Vicario General:</strong> Presbítero Juan Antonio Morre</p>
<p><strong> Vicario General:</strong> RP. Daniel Eduardo Echeverría m.ss.cc.</p>
<p><strong> </strong><strong>Canciller y Secretaria General:</strong> Srta. Norma Susana Foresti</p>
<p><strong>Personal Administrativo:</strong></p>
<p>Señor Daniel Vega</p>
<p>Srta. Daniela Soledad San Martín</p>
<p><strong>Asesor Legal: Civil y Canónico: </strong>Dr. Jorge Di Nicco</p>
<p><strong>Oficina técnico administrativa de Inmuebles y exenciones: </strong>Srta. Marta Inés Finochietto</p>
<p><strong><u>HORARIO DE ATENCIÓN &gt; Lunes a viernes de 9.30hs a 12.30 horas</u></strong></p>

<p>Obispo: S.E.R. Monseñor Eduardo Horacio García  CURIA DIOCESANA  Vicario General: Presbítero Santiago Rostom Maderna  Vicario General: Presbítero Juan Antonio Morre  Vicario General: RP. Daniel Eduardo Echeverría m.ss.cc.  Canciller y Secretaria General: Srta. Norma Susana Foresti Personal Administrativo: Señor Daniel Vega Srta. Daniela Soledad San Martín Asesor Legal: Civil y Canónico: Dr. Jorge Di Nicco Oficina técnico administrativa [&hellip;]</p>
