{"id":1755,"date":"2019-06-19T13:36:52","date_gmt":"2019-06-19T13:36:52","guid":{"rendered":"http:\/\/designtest.w3itslabs.net\/wp_sanjusto\/?page_id=1755"},"modified":"2025-07-24T15:56:24","modified_gmt":"2025-07-24T15:56:24","slug":"consejo-presbiteral-2","status":"publish","type":"page","link":"http:\/\/www.diocesisdesanjusto.org\/index.php\/consejo-presbiteral-2\/","title":{"rendered":"CONSEJO PRESBITERAL"},"content":{"rendered":"<p>Presidente: SER. Mons. Eduardo Horacio Garc\u00eda<br \/>\nNottario: Pbro. Sergio Gianfranchi<\/p>\n<p><strong>Miembros por Derecho Propio:<\/strong><br \/>\nPbro. Santiago Rostom Maderna, Vicario General<br \/>\nPbro. Juan Antonio Morre, Vicario General<\/p>\n<p>RP. Daniel Eduardo Echeverr\u00eda, m.ss.cc, Vicario General<\/p>\n<p><strong>Por los Decanos y Vicedecanos<br \/>\n<\/strong>Pbro. Ignacio Rolleri<br \/>\nPbro. Juan Carlos Cagliani<\/p>\n<p>Pbro. Ram\u00f3n Gavil\u00e1n<br \/>\nPbro. Marco Mikalonis<\/p>\n<p>Pbro. Noberto Figliuolo<br \/>\nPbro. Enrique Parasco<\/p>\n<p><strong><u>\u00c1reas Pastorales<\/u><\/strong><\/p>\n<p>Pbro. Carlos Torre, Director de C\u00e1ritas Diocesana<\/p>\n<p>Pbro. Walter Fabi\u00e1n Posca, Pastoral de la Infancia<\/p>\n<p>Pbro. Fabi\u00e1n Omar Fusca, Catequesis<\/p>\n<p>Pbro. Mauricio Cardea, Pastoral Social<\/p>\n<p>Pbro. Lic. Juan Antonio Morre, Pastoral familiar<\/p>\n<p>Pbro. Cirilo Romero, Pastoral de la\u00a0 tercera edad<\/p>\n<p>RP. Daniel Echeverr\u00eda m.ss.cc. Pastoral de Barriadas<\/p>\n<p>Pbro. Nicol\u00e1s Angelotti, Pastoral de adicciones<\/p>\n<p><strong>Miembros Elegidos por el Sr. Obispo:<br \/>\n<\/strong><\/p>\n<p>Pbro. Daniel Molina, P\u00e1rroco de San Roque &#8211; Isidro Casanova<\/p>\n<p>Pbro. Roberto Scardamaglia, P\u00e1rroco de Nuestra Se\u00f1ora del Carmen<\/p>\n<p>Pbro. Sergio Gianfranchi, P\u00e1rroco de San Roque \u2013 Villa Insuperable<\/p>\n<p><strong>Por los Vicarios Parroquiales:<br \/>\n<\/strong>Pbro. Julio C\u00e9sar Ruiz<\/p>\n","protected":false},"excerpt":{"rendered":"<p>Presidente: SER. Mons. Eduardo Horacio Garc\u00eda Nottario: Pbro. Sergio Gianfranchi Miembros por Derecho Propio: Pbro. Santiago Rostom Maderna, Vicario General Pbro. Juan Antonio Morre, Vicario General RP. Daniel Eduardo Echeverr\u00eda, m.ss.cc, Vicario General Por los Decanos y Vicedecanos Pbro. Ignacio Rolleri Pbro. Juan Carlos Cagliani Pbro. Ram\u00f3n Gavil\u00e1n Pbro. Marco Mikalonis Pbro. Noberto Figliuolo Pbro. [&hellip;]<\/p>\n","protected":false},"author":1,"featured_media":0,"parent":0,"menu_order":0,"comment_status":"closed","ping_status":"closed","template":"","meta":[],"_links":{"self":[{"href":"http:\/\/www.diocesisdesanjusto.org\/index.php\/wp-json\/wp\/v2\/pages\/1755"}],"collection":[{"href":"http:\/\/www.diocesisdesanjusto.org\/index.php\/wp-json\/wp\/v2\/pages"}],"about":[{"href":"http:\/\/www.diocesisdesanjusto.org\/index.php\/wp-json\/wp\/v2\/types\/page"}],"author":[{"embeddable":true,"href":"http:\/\/www.diocesisdesanjusto.org\/index.php\/wp-json\/wp\/v2\/users\/1"}],"replies":[{"embeddable":true,"href":"http:\/\/www.diocesisdesanjusto.org\/index.php\/wp-json\/wp\/v2\/comments?post=1755"}],"version-history":[{"count":6,"href":"http:\/\/www.diocesisdesanjusto.org\/index.php\/wp-json\/wp\/v2\/pages\/1755\/revisions"}],"predecessor-version":[{"id":2451,"href":"http:\/\/www.diocesisdesanjusto.org\/index.php\/wp-json\/wp\/v2\/pages\/1755\/revisions\/2451"}],"wp:attachment":[{"href":"http:\/\/www.diocesisdesanjusto.org\/index.php\/wp-json\/wp\/v2\/media?parent=1755"}],"curies":[{"name":"wp","href":"https:\/\/api.w.org\/{rel}","templated":true}]}}

<p>Presidente: SER. Mons. Eduardo Horacio García<br />
Nottario: Pbro. Sergio Gianfranchi</p>
<p><strong>Miembros por Derecho Propio:</strong><br />
Pbro. Santiago Rostom Maderna, Vicario General<br />
Pbro. Juan Antonio Morre, Vicario General</p>
<p>RP. Daniel Eduardo Echeverría, m.ss.cc, Vicario General</p>
<p><strong>Por los Decanos y Vicedecanos<br />
</strong>Pbro. Ignacio Rolleri<br />
Pbro. Juan Carlos Cagliani</p>
<p>Pbro. Ramón Gavilán<br />
Pbro. Marco Mikalonis</p>
<p>Pbro. Noberto Figliuolo<br />
Pbro. Enrique Parasco</p>
<p><strong><u>Áreas Pastorales</u></strong></p>
<p>Pbro. Carlos Torre, Director de Cáritas Diocesana</p>
<p>Pbro. Walter Fabián Posca, Pastoral de la Infancia</p>
<p>Pbro. Fabián Omar Fusca, Catequesis</p>
<p>Pbro. Mauricio Cardea, Pastoral Social</p>
<p>Pbro. Lic. Juan Antonio Morre, Pastoral familiar</p>
<p>Pbro. Cirilo Romero, Pastoral de la  tercera edad</p>
<p>RP. Daniel Echeverría m.ss.cc. Pastoral de Barriadas</p>
<p>Pbro. Nicolás Angelotti, Pastoral de adicciones</p>
<p><strong>Miembros Elegidos por el Sr. Obispo:<br />
</strong></p>
<p>Pbro. Daniel Molina, Párroco de San Roque &#8211; Isidro Casanova</p>
<p>Pbro. Roberto Scardamaglia, Párroco de Nuestra Señora del Carmen</p>
<p>Pbro. Sergio Gianfranchi, Párroco de San Roque – Villa Insuperable</p>
<p><strong>Por los Vicarios Parroquiales:<br />
</strong>Pbro. Julio César Ruiz</p>

<p>Presidente: SER. Mons. Eduardo Horacio García Nottario: Pbro. Sergio Gianfranchi Miembros por Derecho Propio: Pbro. Santiago Rostom Maderna, Vicario General Pbro. Juan Antonio Morre, Vicario General RP. Daniel Eduardo Echeverría, m.ss.cc, Vicario General Por los Decanos y Vicedecanos Pbro. Ignacio Rolleri Pbro. Juan Carlos Cagliani Pbro. Ramón Gavilán Pbro. Marco Mikalonis Pbro. Noberto Figliuolo Pbro. [&hellip;]</p>
