{"id":147,"date":"2018-12-21T19:13:37","date_gmt":"2018-12-21T19:13:37","guid":{"rendered":"http:\/\/test.w3itsolutions.net\/design\/wp_sanjusto\/?page_id=147"},"modified":"2022-05-03T15:21:09","modified_gmt":"2022-05-03T15:21:09","slug":"147-2","status":"publish","type":"page","link":"http:\/\/www.diocesisdesanjusto.org\/index.php\/147-2\/","title":{"rendered":"S\u00edntesis Informativa"},"content":{"rendered":"<p><strong>Erecci\u00f3n Can\u00f3nica:<\/strong><br \/>\nBula \u00abOmni solliciti\u00bb de S.S. Pablo VI del 18 de Julio de 1969<\/p>\n<p><strong>Reconocimiento Civil:<\/strong><br \/>\nDecreto del Poder Ejecutivo Nacional, Ley N\u00ba 18.449 &#8211; M 68, del 17 de Noviembre de 1969<\/p>\n<p><strong>Territorio:<\/strong><br \/>\nPartidos Bonaerenses de La Matanza<\/p>\n<p><strong>Superficie:<\/strong><br \/>\n130 km2<\/p>\n<p><strong>Poblaci\u00f3n:<\/strong><br \/>\n880.000 habitantes<\/p>\n<p><strong>Cat\u00f3licos:<\/strong><br \/>\n90%<\/p>\n<p><strong>Patrona Principal:<\/strong><br \/>\nLa Sant\u00edsima Virgen Mar\u00eda, en su advocaci\u00f3n de \u00abMadre de Dios\u00bb &#8211; Solemnidad Lit\u00fargica \/ 1\u00ba de enero<\/p>\n<p><strong>Patrono Secundario:<\/strong><br \/>\nSantos Justo y Pastor, m\u00e1rtires &#8211; Fiesta Lit\u00fargica \/ 9 de Agosto Clikee aqui para ampliar la fotograf\u00eda &#8230;<\/p>\n<p><strong>Iglesia Catedral:<\/strong><br \/>\nSantos Justo y Pastor<\/p>\n<p><strong>Arquidi\u00f3cesis de Buenos Aires<\/strong><\/p>\n","protected":false},"excerpt":{"rendered":"<p>Erecci\u00f3n Can\u00f3nica: Bula \u00abOmni solliciti\u00bb de S.S. Pablo VI del 18 de Julio de 1969 Reconocimiento Civil: Decreto del Poder Ejecutivo Nacional, Ley N\u00ba 18.449 &#8211; M 68, del 17 de Noviembre de 1969 Territorio: Partidos Bonaerenses de La Matanza Superficie: 130 km2 Poblaci\u00f3n: 880.000 habitantes Cat\u00f3licos: 90% Patrona Principal: La Sant\u00edsima Virgen Mar\u00eda, en [&hellip;]<\/p>\n","protected":false},"author":1,"featured_media":0,"parent":0,"menu_order":0,"comment_status":"closed","ping_status":"closed","template":"","meta":[],"_links":{"self":[{"href":"http:\/\/www.diocesisdesanjusto.org\/index.php\/wp-json\/wp\/v2\/pages\/147"}],"collection":[{"href":"http:\/\/www.diocesisdesanjusto.org\/index.php\/wp-json\/wp\/v2\/pages"}],"about":[{"href":"http:\/\/www.diocesisdesanjusto.org\/index.php\/wp-json\/wp\/v2\/types\/page"}],"author":[{"embeddable":true,"href":"http:\/\/www.diocesisdesanjusto.org\/index.php\/wp-json\/wp\/v2\/users\/1"}],"replies":[{"embeddable":true,"href":"http:\/\/www.diocesisdesanjusto.org\/index.php\/wp-json\/wp\/v2\/comments?post=147"}],"version-history":[{"count":4,"href":"http:\/\/www.diocesisdesanjusto.org\/index.php\/wp-json\/wp\/v2\/pages\/147\/revisions"}],"predecessor-version":[{"id":2184,"href":"http:\/\/www.diocesisdesanjusto.org\/index.php\/wp-json\/wp\/v2\/pages\/147\/revisions\/2184"}],"wp:attachment":[{"href":"http:\/\/www.diocesisdesanjusto.org\/index.php\/wp-json\/wp\/v2\/media?parent=147"}],"curies":[{"name":"wp","href":"https:\/\/api.w.org\/{rel}","templated":true}]}}

Síntesis Informativa

<p><strong>Erección Canónica:</strong><br />
Bula «Omni solliciti» de S.S. Pablo VI del 18 de Julio de 1969</p>
<p><strong>Reconocimiento Civil:</strong><br />
Decreto del Poder Ejecutivo Nacional, Ley Nº 18.449 &#8211; M 68, del 17 de Noviembre de 1969</p>
<p><strong>Territorio:</strong><br />
Partidos Bonaerenses de La Matanza</p>
<p><strong>Superficie:</strong><br />
130 km2</p>
<p><strong>Población:</strong><br />
880.000 habitantes</p>
<p><strong>Católicos:</strong><br />
90%</p>
<p><strong>Patrona Principal:</strong><br />
La Santísima Virgen María, en su advocación de «Madre de Dios» &#8211; Solemnidad Litúrgica / 1º de enero</p>
<p><strong>Patrono Secundario:</strong><br />
Santos Justo y Pastor, mártires &#8211; Fiesta Litúrgica / 9 de Agosto Clikee aqui para ampliar la fotografía &#8230;</p>
<p><strong>Iglesia Catedral:</strong><br />
Santos Justo y Pastor</p>
<p><strong>Arquidiócesis de Buenos Aires</strong></p>

<p>Erección Canónica: Bula «Omni solliciti» de S.S. Pablo VI del 18 de Julio de 1969 Reconocimiento Civil: Decreto del Poder Ejecutivo Nacional, Ley Nº 18.449 &#8211; M 68, del 17 de Noviembre de 1969 Territorio: Partidos Bonaerenses de La Matanza Superficie: 130 km2 Población: 880.000 habitantes Católicos: 90% Patrona Principal: La Santísima Virgen María, en [&hellip;]</p>
